{"id":3828,"date":"2020-11-23T11:36:51","date_gmt":"2020-11-23T10:36:51","guid":{"rendered":"http:\/\/geowww.agrocampus-ouest.fr\/web\/?page_id=3828"},"modified":"2021-11-18T16:24:38","modified_gmt":"2021-11-18T15:24:38","slug":"principes-de-modelisation-hydrologique","status":"publish","type":"page","link":"https:\/\/geosas.fr\/web\/?page_id=3828","title":{"rendered":"Principes de mod\u00e9lisation hydrologique SIMFEN"},"content":{"rendered":"<p>Le Service <a href=\"https:\/\/geosas.fr\/simfen\" target=\"_blank\" rel=\"noopener\">SIMFEN<\/a> permet d\u2019activer en r\u00e9gion Bretagne, France, une mod\u00e9lisation hydrologique \u00e0 base g\u00e9omorphologique d\u00e9velopp\u00e9e au fil de recherches conduites depuis 1998 dans diff\u00e9rents contextes hydrologiques, et qui s\u2019inscrit dans la probl\u00e9matique g\u00e9n\u00e9rale de la pr\u00e9vision en bassins non-jaug\u00e9s (PUB \u2013 Prediction in Ungauged Basins).<\/p>\n<h4 class=\"lang\">Mod\u00e9lisation hydrologique \u00e0 base g\u00e9omorphologique<\/h4>\n<p>Une fonction de transfert \u00e0 base g\u00e9omorphologique permet de d\u00e9crire le transfert de l\u2019eau \u00e0 travers le r\u00e9seau hydrographique dans un bassin versant jaug\u00e9 ou non-jaug\u00e9, quel qu\u2019il soit. L\u2019inversion de la fonction de transfert d\u2019un bassin versant jaug\u00e9 permet de calculer la chronique de la pluie nette \u00e0 partir de la chronique de d\u00e9bit observ\u00e9e \u00e0 l\u2019exutoire. La pluie nette peut \u00eatre transpos\u00e9e d\u2019un ou plusieurs bassins versants sources d\u2019information vers un bassin versant cible, sur la base de la similarit\u00e9, si possible dans une configuration d\u2019embo\u00eetement ou de voisinage, afin de simuler la chronique de d\u00e9bit \u00e0 l\u2019exutoire cible.<\/p>\n<figure><img loading=\"lazy\" decoding=\"async\" class=\"alignnone size-full wp-image-3977\" src=\"https:\/\/geosas.fr\/web\/wp-content\/uploads\/2020\/11\/Hydrologie.png\" alt=\"\" width=\"946\" height=\"796\" srcset=\"https:\/\/geosas.fr\/web\/wp-content\/uploads\/2020\/11\/Hydrologie.png 946w, https:\/\/geosas.fr\/web\/wp-content\/uploads\/2020\/11\/Hydrologie-300x252.png 300w, https:\/\/geosas.fr\/web\/wp-content\/uploads\/2020\/11\/Hydrologie-768x646.png 768w\" sizes=\"auto, (max-width: 946px) 100vw, 946px\" \/>\n<figcaption class=\"lang\">Principe d&rsquo;inversion \/ transposition<\/figcaption>\n<\/figure>\n<p>Plusieurs nuances de l\u2019approche de mod\u00e9lisation sont possibles et quelques choix op\u00e9rationnels ont \u00e9t\u00e9 faits pour la version de base du service SIMFEN. La prochaine version offrira des options flexibles dans un mode expert. Un r\u00e9seau hydrographique de r\u00e9f\u00e9rence est fourni pour la r\u00e9gion enti\u00e8re. Pour chaque point d\u2019\u00e9chantillonnage du bassin versant, le chemin de l\u2019eau jusqu\u2019\u00e0 l\u2019exutoire est identifi\u00e9 par g\u00e9omatique et la longueur hydraulique L de la partie chenalis\u00e9e de ce chemin au sein du r\u00e9seau hydrographique est mesur\u00e9e. La fonction densit\u00e9 de probabilit\u00e9 de la longueur hydraulique fdp(L) est ainsi extraite pour le bassin versant consid\u00e9r\u00e9 dans son ensemble. La fdp du temps de trajet t de l\u2019eau \u00e0 travers le r\u00e9seau hydrographique (pdf(t)) peut \u00eatre d\u00e9duite de la fdp(L) par application d\u2019une vitesse moyenne d\u2019\u00e9coulement \u00e0 travers le r\u00e9seau hydrographique. Cette vitesse moyenne a \u00e9t\u00e9 estim\u00e9e par analyse d\u2019un ensemble d\u2019\u00e9v\u00e9nements de crue d\u00e9tect\u00e9s entre 1990 et 2010 au sein de bassins versants jaug\u00e9s de la r\u00e9gion, et quantification d\u2019une relation r\u00e9gionale robuste exprim\u00e9e en fonction de la longueur hydraulique moyenne du bassin versant. La fdp(t) peut \u00eatre consid\u00e9r\u00e9e comme \u00e9tant une fonction de transfert FT(t) du type hydrogramme unitaire, ce qui permet de simuler le d\u00e9bit \u00e0 l\u2019exutoire Q [m3. s\u22121] gr\u00e2ce \u00e0 la convolution suivante : Q(t) = S \u2022Pn(t) \u2217 FT(t) o\u00f9 t [s] est le temps, S [m\u00b2] est la surface du bassin versant et Pn [m] est la pluie nette d\u00e9finie comme \u00e9tant la hauteur d\u2019eau sortant des versants et entrant dans le r\u00e9seau hydrographique en moyenne dans le bassin versant.<\/p>\n<h4 class=\"lang\">D\u00e9convolution et transposition d\u2019hydrogramme<\/h4>\n<p>La pluie nette d\u2019un bassin versant jaug\u00e9 est estim\u00e9e par d\u00e9convolution de l\u2019hydrogramme observ\u00e9 \u00e0 l\u2019exutoire. Cette d\u00e9convolution est r\u00e9alis\u00e9e en inversant la fonction de transfert \u00e0 base g\u00e9omorphologique, ce qui permet d\u2019estimer la chronique de pluie nette \u00e0 partir de la chronique de d\u00e9bit. La pluie nette est alors transpos\u00e9e vers le bassin versant cible, sur la base de la similarit\u00e9, o\u00f9 il peut \u00eatre reconvolu\u00e9 avec la fonction de transfert propre \u00e0 ce bassin versant, pour y simuler l\u2019hydrogramme. Un ou plusieurs bassins versants sources peuvent \u00eatre pris en compte pour un bassin versant cible consid\u00e9r\u00e9. Cette approche permet de ne pas avoir \u00e0 consid\u00e9rer en d\u00e9tail les processus h\u00e9t\u00e9rog\u00e8nes et fortement non-lin\u00e9aires internes aux versants, qui d\u00e9terminent la gen\u00e8se des \u00e9coulements et donc de la pluie nette.<\/p>\n<h4 class=\"lang\">Strat\u00e9gie de transposition<\/h4>\n<p><span class=\"lang\">Pour un bassin versant cible, un ou plusieurs bassins versants donneurs sont s\u00e9lectionn\u00e9s, selon les r\u00e8gles suivants :<\/span><\/p>\n<ul>\n<li class=\"lang\">Recherche de toutes les stations dans un rayon de 50 kilom\u00e8tres;<\/li>\n<li><span class=\"lang\">Calcule la distance de Ghosh de tous les bassins versants donneurs par rapport au bassin cible (de Lavenne et Al. 2016)<\/span>;<\/li>\n<li class=\"lang\">D\u00e9termine les 5 bassins les plus proche du bassin cible d&rsquo;apr\u00e8s la distance de Ghosh;<\/li>\n<li class=\"lang\">Parmi ces bassins, calcule l&rsquo;\u00e9cart type entre chaque bassin, de mani\u00e8re graduelle, pour ne conserver que ceux qui ont une diff\u00e9rence faible. De ce fait, si les 5 bassins ont ces distances : 1000, 2000, 3000, 10000, 11000, alors, seuls les trois premiers bassins seront conserv\u00e9s, car semblables en termes de distances.<\/li>\n<\/ul>\n<h4>Bibliographie<strong><br \/><\/strong><\/h4>\n<ul>\n<li>\n<div class=\"pub-meta\"><span class=\"authors\">Donatien Dallery, Herv\u00e9 Squividant, Alban de Lavenne ,Josette Launay &amp; Christophe Cudennec<\/span> <span class=\"date\">(2020)<\/span> <span class=\"art_title\"><strong><em>An end-user-friendly hydrological Web Service for hydrograph prediction in ungauged basins<\/em><\/strong>,<\/span> <span class=\"serial_title\">Hydrological Sciences Journal,<\/span> <span class=\"doi_link\">DOI: <a href=\"https:\/\/doi.org\/10.1080\/02626667.2020.1797045\">10.1080\/02626667.2020.1797045<\/a><\/span>, 2020,<\/div>\n<\/li>\n<li><a href=\"https:\/\/hal.archives-ouvertes.fr\/tel-02810356\" target=\"_blank\" rel=\"noopener\">Th\u00e8se Alban de Lavenne<\/a>, 2013. <em><strong>Mod\u00e9lisation hydrologique \u00e0 base g\u00e9omorphologique de bassins versants non jaug\u00e9s par r\u00e9gionalisation et transposition d&rsquo;hydrogramme.<\/strong><\/em> PhD thesis,. URL. Sciences de l&rsquo;environnement. Rennes, Agrocampus-Ouest <a href=\"https:\/\/hal.archives-ouvertes.fr\/tel-02810356\">https:\/\/hal.archives-ouvertes.fr\/tel-02810356<\/a>.<\/li>\n<li>de Lavenne, A., J. O. Sk\u00f8ien, C. Cudennec, F. Curie, and F. Moatar (2016), Transferring measured discharge time series: Large-scale comparison of Top-kriging to geomorphology-based inverse modeling, Water Resour. Res., 52,<br \/>doi:<a href=\"https:\/\/geosciences.univ-tours.fr\/images\/media\/20160905172824-delavenne_et_al_wrr_2016.pdf\">10.1002\/2016WR018716<\/a>.<\/li>\n<\/ul>\n\n\n<p><\/p>\n","protected":false},"excerpt":{"rendered":"<p>Le Service SIMFEN permet d\u2019activer en r\u00e9gion Bretagne, France, une mod\u00e9lisation hydrologique \u00e0 base g\u00e9omorphologique d\u00e9velopp\u00e9e au fil de recherches conduites depuis 1998 dans diff\u00e9rents &hellip; <\/p>\n","protected":false},"author":1,"featured_media":0,"parent":0,"menu_order":0,"comment_status":"closed","ping_status":"closed","template":"","meta":{"footnotes":""},"class_list":["post-3828","page","type-page","status-publish","hentry"],"yoast_head":"<!-- This site is optimized with the Yoast SEO plugin v24.7 - https:\/\/yoast.com\/wordpress\/plugins\/seo\/ -->\n<title>Principes de mod\u00e9lisation hydrologique SIMFEN - G\u00e9oSAS<\/title>\n<meta name=\"robots\" content=\"index, follow, max-snippet:-1, max-image-preview:large, max-video-preview:-1\" \/>\n<link rel=\"canonical\" href=\"https:\/\/geosas.fr\/web\/?page_id=3828\" \/>\n<meta property=\"og:locale\" content=\"fr_FR\" \/>\n<meta property=\"og:type\" content=\"article\" \/>\n<meta property=\"og:title\" content=\"Principes de mod\u00e9lisation hydrologique SIMFEN - G\u00e9oSAS\" \/>\n<meta property=\"og:description\" content=\"Le Service SIMFEN permet d\u2019activer en r\u00e9gion Bretagne, France, une mod\u00e9lisation hydrologique \u00e0 base g\u00e9omorphologique d\u00e9velopp\u00e9e au fil de recherches conduites depuis 1998 dans diff\u00e9rents &hellip;\" \/>\n<meta property=\"og:url\" content=\"https:\/\/geosas.fr\/web\/?page_id=3828\" \/>\n<meta property=\"og:site_name\" content=\"G\u00e9oSAS\" \/>\n<meta property=\"article:modified_time\" content=\"2021-11-18T15:24:38+00:00\" \/>\n<meta property=\"og:image\" content=\"https:\/\/geosas.fr\/web\/wp-content\/uploads\/2020\/11\/Hydrologie.png\" \/>\n<meta name=\"twitter:card\" content=\"summary_large_image\" \/>\n<meta name=\"twitter:label1\" content=\"Est. reading time\" \/>\n\t<meta name=\"twitter:data1\" content=\"4 minutes\" \/>\n<script type=\"application\/ld+json\" class=\"yoast-schema-graph\">{\"@context\":\"https:\/\/schema.org\",\"@graph\":[{\"@type\":\"WebPage\",\"@id\":\"https:\/\/geosas.fr\/web\/?page_id=3828\",\"url\":\"https:\/\/geosas.fr\/web\/?page_id=3828\",\"name\":\"Principes de mod\u00e9lisation hydrologique SIMFEN - G\u00e9oSAS\",\"isPartOf\":{\"@id\":\"https:\/\/geosas.fr\/web\/#website\"},\"primaryImageOfPage\":{\"@id\":\"https:\/\/geosas.fr\/web\/?page_id=3828#primaryimage\"},\"image\":{\"@id\":\"https:\/\/geosas.fr\/web\/?page_id=3828#primaryimage\"},\"thumbnailUrl\":\"https:\/\/geosas.fr\/web\/wp-content\/uploads\/2020\/11\/Hydrologie.png\",\"datePublished\":\"2020-11-23T10:36:51+00:00\",\"dateModified\":\"2021-11-18T15:24:38+00:00\",\"breadcrumb\":{\"@id\":\"https:\/\/geosas.fr\/web\/?page_id=3828#breadcrumb\"},\"inLanguage\":\"fr-FR\",\"potentialAction\":[{\"@type\":\"ReadAction\",\"target\":[\"https:\/\/geosas.fr\/web\/?page_id=3828\"]}]},{\"@type\":\"ImageObject\",\"inLanguage\":\"fr-FR\",\"@id\":\"https:\/\/geosas.fr\/web\/?page_id=3828#primaryimage\",\"url\":\"https:\/\/geosas.fr\/web\/wp-content\/uploads\/2020\/11\/Hydrologie.png\",\"contentUrl\":\"https:\/\/geosas.fr\/web\/wp-content\/uploads\/2020\/11\/Hydrologie.png\",\"width\":946,\"height\":796},{\"@type\":\"BreadcrumbList\",\"@id\":\"https:\/\/geosas.fr\/web\/?page_id=3828#breadcrumb\",\"itemListElement\":[{\"@type\":\"ListItem\",\"position\":1,\"name\":\"Home\",\"item\":\"https:\/\/geosas.fr\/web\/\"},{\"@type\":\"ListItem\",\"position\":2,\"name\":\"Principes de mod\u00e9lisation hydrologique SIMFEN\"}]},{\"@type\":\"WebSite\",\"@id\":\"https:\/\/geosas.fr\/web\/#website\",\"url\":\"https:\/\/geosas.fr\/web\/\",\"name\":\"G\u00e9oSAS\",\"description\":\"Portail de l&#039;information g\u00e9ographique de l&#039;UMR SAS - INRAE - Institut Agro\",\"publisher\":{\"@id\":\"https:\/\/geosas.fr\/web\/#organization\"},\"potentialAction\":[{\"@type\":\"SearchAction\",\"target\":{\"@type\":\"EntryPoint\",\"urlTemplate\":\"https:\/\/geosas.fr\/web\/?s={search_term_string}\"},\"query-input\":{\"@type\":\"PropertyValueSpecification\",\"valueRequired\":true,\"valueName\":\"search_term_string\"}}],\"inLanguage\":\"fr-FR\"},{\"@type\":\"Organization\",\"@id\":\"https:\/\/geosas.fr\/web\/#organization\",\"name\":\"G\u00e9oSAS\",\"url\":\"https:\/\/geosas.fr\/web\/\",\"logo\":{\"@type\":\"ImageObject\",\"inLanguage\":\"fr-FR\",\"@id\":\"https:\/\/geosas.fr\/web\/#\/schema\/logo\/image\/\",\"url\":\"https:\/\/geosas.fr\/web\/wp-content\/uploads\/2021\/03\/cropped-Moyen-logo-BleuF-2.png\",\"contentUrl\":\"https:\/\/geosas.fr\/web\/wp-content\/uploads\/2021\/03\/cropped-Moyen-logo-BleuF-2.png\",\"width\":358,\"height\":90,\"caption\":\"G\u00e9oSAS\"},\"image\":{\"@id\":\"https:\/\/geosas.fr\/web\/#\/schema\/logo\/image\/\"}}]}<\/script>\n<!-- \/ Yoast SEO plugin. -->","yoast_head_json":{"title":"Principes de mod\u00e9lisation hydrologique SIMFEN - G\u00e9oSAS","robots":{"index":"index","follow":"follow","max-snippet":"max-snippet:-1","max-image-preview":"max-image-preview:large","max-video-preview":"max-video-preview:-1"},"canonical":"https:\/\/geosas.fr\/web\/?page_id=3828","og_locale":"fr_FR","og_type":"article","og_title":"Principes de mod\u00e9lisation hydrologique SIMFEN - G\u00e9oSAS","og_description":"Le Service SIMFEN permet d\u2019activer en r\u00e9gion Bretagne, France, une mod\u00e9lisation hydrologique \u00e0 base g\u00e9omorphologique d\u00e9velopp\u00e9e au fil de recherches conduites depuis 1998 dans diff\u00e9rents &hellip;","og_url":"https:\/\/geosas.fr\/web\/?page_id=3828","og_site_name":"G\u00e9oSAS","article_modified_time":"2021-11-18T15:24:38+00:00","og_image":[{"url":"https:\/\/geosas.fr\/web\/wp-content\/uploads\/2020\/11\/Hydrologie.png","type":"","width":"","height":""}],"twitter_card":"summary_large_image","twitter_misc":{"Est. reading time":"4 minutes"},"schema":{"@context":"https:\/\/schema.org","@graph":[{"@type":"WebPage","@id":"https:\/\/geosas.fr\/web\/?page_id=3828","url":"https:\/\/geosas.fr\/web\/?page_id=3828","name":"Principes de mod\u00e9lisation hydrologique SIMFEN - G\u00e9oSAS","isPartOf":{"@id":"https:\/\/geosas.fr\/web\/#website"},"primaryImageOfPage":{"@id":"https:\/\/geosas.fr\/web\/?page_id=3828#primaryimage"},"image":{"@id":"https:\/\/geosas.fr\/web\/?page_id=3828#primaryimage"},"thumbnailUrl":"https:\/\/geosas.fr\/web\/wp-content\/uploads\/2020\/11\/Hydrologie.png","datePublished":"2020-11-23T10:36:51+00:00","dateModified":"2021-11-18T15:24:38+00:00","breadcrumb":{"@id":"https:\/\/geosas.fr\/web\/?page_id=3828#breadcrumb"},"inLanguage":"fr-FR","potentialAction":[{"@type":"ReadAction","target":["https:\/\/geosas.fr\/web\/?page_id=3828"]}]},{"@type":"ImageObject","inLanguage":"fr-FR","@id":"https:\/\/geosas.fr\/web\/?page_id=3828#primaryimage","url":"https:\/\/geosas.fr\/web\/wp-content\/uploads\/2020\/11\/Hydrologie.png","contentUrl":"https:\/\/geosas.fr\/web\/wp-content\/uploads\/2020\/11\/Hydrologie.png","width":946,"height":796},{"@type":"BreadcrumbList","@id":"https:\/\/geosas.fr\/web\/?page_id=3828#breadcrumb","itemListElement":[{"@type":"ListItem","position":1,"name":"Home","item":"https:\/\/geosas.fr\/web\/"},{"@type":"ListItem","position":2,"name":"Principes de mod\u00e9lisation hydrologique SIMFEN"}]},{"@type":"WebSite","@id":"https:\/\/geosas.fr\/web\/#website","url":"https:\/\/geosas.fr\/web\/","name":"G\u00e9oSAS","description":"Portail de l&#039;information g\u00e9ographique de l&#039;UMR SAS - INRAE - Institut Agro","publisher":{"@id":"https:\/\/geosas.fr\/web\/#organization"},"potentialAction":[{"@type":"SearchAction","target":{"@type":"EntryPoint","urlTemplate":"https:\/\/geosas.fr\/web\/?s={search_term_string}"},"query-input":{"@type":"PropertyValueSpecification","valueRequired":true,"valueName":"search_term_string"}}],"inLanguage":"fr-FR"},{"@type":"Organization","@id":"https:\/\/geosas.fr\/web\/#organization","name":"G\u00e9oSAS","url":"https:\/\/geosas.fr\/web\/","logo":{"@type":"ImageObject","inLanguage":"fr-FR","@id":"https:\/\/geosas.fr\/web\/#\/schema\/logo\/image\/","url":"https:\/\/geosas.fr\/web\/wp-content\/uploads\/2021\/03\/cropped-Moyen-logo-BleuF-2.png","contentUrl":"https:\/\/geosas.fr\/web\/wp-content\/uploads\/2021\/03\/cropped-Moyen-logo-BleuF-2.png","width":358,"height":90,"caption":"G\u00e9oSAS"},"image":{"@id":"https:\/\/geosas.fr\/web\/#\/schema\/logo\/image\/"}}]}},"_links":{"self":[{"href":"https:\/\/geosas.fr\/web\/index.php?rest_route=\/wp\/v2\/pages\/3828","targetHints":{"allow":["GET"]}}],"collection":[{"href":"https:\/\/geosas.fr\/web\/index.php?rest_route=\/wp\/v2\/pages"}],"about":[{"href":"https:\/\/geosas.fr\/web\/index.php?rest_route=\/wp\/v2\/types\/page"}],"author":[{"embeddable":true,"href":"https:\/\/geosas.fr\/web\/index.php?rest_route=\/wp\/v2\/users\/1"}],"replies":[{"embeddable":true,"href":"https:\/\/geosas.fr\/web\/index.php?rest_route=%2Fwp%2Fv2%2Fcomments&post=3828"}],"version-history":[{"count":2,"href":"https:\/\/geosas.fr\/web\/index.php?rest_route=\/wp\/v2\/pages\/3828\/revisions"}],"predecessor-version":[{"id":5021,"href":"https:\/\/geosas.fr\/web\/index.php?rest_route=\/wp\/v2\/pages\/3828\/revisions\/5021"}],"wp:attachment":[{"href":"https:\/\/geosas.fr\/web\/index.php?rest_route=%2Fwp%2Fv2%2Fmedia&parent=3828"}],"curies":[{"name":"wp","href":"https:\/\/api.w.org\/{rel}","templated":true}]}}