{"id":309,"date":"2011-10-03T10:17:21","date_gmt":"2011-10-03T09:17:21","guid":{"rendered":"http:\/\/geowww.agrocampus-ouest.fr\/web\/?page_id=309"},"modified":"2023-01-11T17:20:34","modified_gmt":"2023-01-11T16:20:34","slug":"processus","status":"publish","type":"page","link":"https:\/\/geosas.fr\/web\/?page_id=309","title":{"rendered":"API de Mod\u00e9lisation MNTSurf"},"content":{"rendered":"<h5>Introduction<\/h5>\n<p>Depuis plus de 20 ans, l&rsquo;UMR SAS participe au d\u00e9veloppement de programmes informatiques en lien avec les Syst\u00e8mes d&rsquo;Information G\u00e9ographique, la mod\u00e9lisation hydrologique, le transfert des polluants d&rsquo;origine agricole, les bases de donn\u00e9es agro-environnementales, l&rsquo;\u00e9rosion des sols&#8230;<br \/>\nDepuis 2010, elle met au point une architecture permettant la diffusion sur internet de fonctionnalit\u00e9s (ou <strong>processus<\/strong>) extraits de ces programmes.<br \/>\nCes outils r\u00e9pondent aux normes de l&rsquo;interop\u00e9rabilit\u00e9 d\u00e9finies par l&rsquo;Open Geospatial Consortium (<a href=\"http:\/\/fr.wikipedia.org\/wiki\/Open_Geospatial_Consortium\">page wikipedia<\/a> , <a href=\"http:\/\/www.opengeospatial.org\/\">site de l&rsquo;OGC<\/a>) bas\u00e9es sur le standard <strong>WPS<\/strong> (Web Processing Service).<br \/>\nPlus d&rsquo;infos sur <a title=\"Projet WPS\" href=\"https:\/\/geosas.fr\/web\/?page_id=119\">notre page WPS<\/a><\/p>\n<h5><\/h5>\n<h5>Utilisation<\/h5>\n<p>Pour l&rsquo;instant, nous diffusons uniquement des processus extraits du logiciel \u00ab\u00a0maison\u00a0\u00bb MNTSurf.<br \/>\nCe logiciel est d\u00e9di\u00e9 au traitement des bases de donn\u00e9es altim\u00e9triques (ou Mod\u00e8les Num\u00e9riques de Terrain) \u00e0 des fins hydrologiques.<br \/>\nLes processus (ou WPS) propos\u00e9s sont :<\/p>\n<ol>\n<li><strong>xy2watershed<\/strong> : affiche le contour du bassin versant \u00e0 partir de l&rsquo;exutoire d\u00e9finit par ses coordonn\u00e9es g\u00e9ographiques X, Y,<\/li>\n<li><strong>pts2watershed<\/strong> : affiche le contour des bassins versants \u00e0 partir d&rsquo;un ou plusieurs exutoires d\u00e9finis dans une couche cartographique,<\/li>\n<li><strong>xy2hydro<\/strong> : affiche le r\u00e9seau hydrographique mod\u00e9lis\u00e9 \u00e0 partir de l&rsquo;exutoire d\u00e9finit par ses coordonn\u00e9es g\u00e9ographiques X, Y et d&rsquo;un seuil de surface de bassin versant,<\/li>\n<li><strong>pts2hydro<\/strong> : affiche le r\u00e9seau hydrographique mod\u00e9lis\u00e9 \u00e0 partir\u00a0d&rsquo;un ou plusieurs exutoires d\u00e9finis dans une couche cartographique ainsi qu&rsquo;un seuil de surface de bassin versant,<\/li>\n<li><strong>getoutlet<\/strong> : affiche les exutoires des bassins versants ayant une superficie sup\u00e9rieure \u00e0 une valeur en hectares,<\/li>\n<li><strong>infomaille<\/strong> : affiche les valeurs des variables d\u00e9riv\u00e9es calcul\u00e9es (Altitude, pente, &#8230;) pour le point X,Y.<\/li>\n<\/ol>\n<p>En principe, n&rsquo;importe quel logiciel dot\u00e9 d&rsquo;un client WPS peut acc\u00e9der \u00e0 ces diff\u00e9rents processus.<br \/>\nCependant, nous vous conseillons d&rsquo;utiliser le logiciel gratuit Open Source <strong><a title=\"Quantum GIS\" href=\"http:\/\/www.qgis.org\/\">QGIS<\/a><\/strong> ainsi que son extension WPS-Client que nous avons valid\u00e9s.<br \/>\nPour cela, vous pouvez <a title=\"installer QGis\" href=\"http:\/\/hub.qgis.org\/projects\/quantum-gis\/wiki\/DownloadFr#Installateur-ind%C3%A9pendant-version-recommand%C3%A9e\">installer la version recommand\u00e9e de QGIS<\/a> et suivre les diff\u00e9rentes \u00e9tapes pr\u00e9sent\u00e9es dans la vid\u00e9o qui suit.<\/p>\n<h6>Vid\u00e9o \/ Tutoriel des WPS-MntSurf dans QGIS<\/h6>\n<p><iframe loading=\"lazy\" title=\"WPS \u00e0 l&#039;UMR SAS INRA - Agrocampus Ouest\" width=\"930\" height=\"698\" src=\"https:\/\/www.youtube.com\/embed\/3kKD1610gng?feature=oembed\" frameborder=\"0\" allow=\"accelerometer; autoplay; clipboard-write; encrypted-media; gyroscope; picture-in-picture; web-share\" allowfullscreen><\/iframe><\/p>\n<p>Les r\u00e9f\u00e9rences de notre serveur WPS \u00e0 d\u00e9clarer dans votre client WPS :<\/p>\n<blockquote><p><strong>Son nom : MNTSurf<\/strong><br \/>\n<strong>Son URL : https:\/\/geosas.fr\/mntsurf<\/strong><\/p><\/blockquote>\n<p>Pour les adeptes du langage XML : <a title=\"getCapabilities WPS GeoSAS\" href=\"http:\/\/geowww.agrocampus-ouest.fr\/cgi-bin\/mntsurf.cgi?service=wps&amp;request=getcapabilities\">la description des services WPS (getCapabilities)<\/a><br \/>\nN&rsquo;h\u00e9sitez pas \u00e0 nous <a title=\"Contact\" href=\"http:\/\/geowww.agrocampus-ouest.fr\/web\/?page_id=563\">contacter<\/a> pour toutes questions ou retours concernant ce sujet.<br \/>\n&#8212;&#8212;&#8212;&#8212;&#8212;&#8212;&#8212;&#8212;&#8212;&#8212;&#8212;&#8212;&#8212;&#8212;&#8212;&#8212;&#8212;&#8212;&#8212;&#8212;&#8212;&#8212;&#8212;&#8212;&#8212;&#8212;&#8212;&#8212;&#8212;&#8212;&#8212;&#8212;&#8212;&#8212;&#8212;<\/p>\n<h2>MNTSurf et Web Processing Services<\/h2>\n<h4>D\u00e9finition<\/h4>\n<p>Le Web Processing Service (WPS) est un standard d\u00e9fini par l\u2019Open Geospatial Consortium (OGC). Il d\u00e9crit les r\u00e8gles de normalisation des entr\u00e9es\/sorties (demandes et r\u00e9ponses) pour les services de traitement de donn\u00e9es cartographiques. Exemples : l\u2019intersection de polygones ou l\u2019extraction du contour d\u2019un bassin versant. La norme d\u00e9finit \u00e9galement comment un client peut demander l\u2019ex\u00e9cution d\u2019un processus, et comment la sortie de ce processus est g\u00e9r\u00e9e. Elle d\u00e9finit une interface qui facilite la publication des processus cartographiques. Les donn\u00e9es utilis\u00e9es en entr\u00e9e d\u2019un WPS peuvent transiter par le r\u00e9seau ou \u00eatre disponibles sur le serveur.<\/p>\n<h4>Principe<\/h4>\n<p><a href=\"https:\/\/geosas.fr\/web\/wp-content\/uploads\/2012\/03\/wps-schema123.png\"><img loading=\"lazy\" decoding=\"async\" class=\"aligncenter size-full wp-image-614\" src=\"https:\/\/geosas.fr\/web\/wp-content\/uploads\/2012\/03\/wps-schema123.png\" alt=\"wps-schema123\" width=\"832\" height=\"275\" srcset=\"https:\/\/geosas.fr\/web\/wp-content\/uploads\/2012\/03\/wps-schema123.png 832w, https:\/\/geosas.fr\/web\/wp-content\/uploads\/2012\/03\/wps-schema123-300x99.png 300w, https:\/\/geosas.fr\/web\/wp-content\/uploads\/2012\/03\/wps-schema123-768x254.png 768w\" sizes=\"auto, (max-width: 832px) 100vw, 832px\" \/><\/a><br \/>\nLe principe de fonctionnement des WPS s&rsquo;appuie sur l&rsquo;architecture <strong>Client<\/strong> \/ <strong>Serveur<\/strong> et se d\u00e9roule toujours en 3 \u00e9tapes :<\/p>\n<ol>\n<li>Le <strong>client<\/strong> WPS \u00e9met une requ\u00eate en direction du <strong>serveur<\/strong> de WPS en indiquant le nom du processus \u00e0 ex\u00e9cuter, les donn\u00e9es spatiales et\/ou les param\u00e8tres en entr\u00e9e,<\/li>\n<li>Le <strong>serveur<\/strong> de WPS lance l\u2019ex\u00e9cution du processus sur le <strong>serveur<\/strong>,<\/li>\n<li>Le <strong>serveur<\/strong> de WPS retourne au <strong>client<\/strong> le r\u00e9sultat du processus sous la forme de donn\u00e9es spatiales et\/ou de param\u00e8tres en sortie.<\/li>\n<\/ol>\n<h4>Op\u00e9rations<\/h4>\n<p>Le protocole WPS permet d&rsquo;ex\u00e9cuter 3 op\u00e9rations entre le client et le serveur :<\/p>\n<ol>\n<li><strong>GetCapabilities<\/strong> : retourne le nom et la description g\u00e9n\u00e9rale des processus disponibles,<\/li>\n<li><strong>DescribeProcess<\/strong> : retourne la description d\u00e9taill\u00e9e d&rsquo;un processus donn\u00e9 (titre, r\u00e9sum\u00e9, entr\u00e9es, sorties,&#8230;),<\/li>\n<li><strong>Execute<\/strong> : permet l&rsquo;ex\u00e9cution d&rsquo;un processus d\u00e9termin\u00e9 utilisant en entr\u00e9e les donn\u00e9es fournies et retournant en sortie les donn\u00e9es g\u00e9n\u00e9r\u00e9es par le WPS.<\/li>\n<\/ol>\n<h4>Entr\u00e9es \/ Sorties<\/h4>\n<p>Le protocole WPS propose 3 types d&rsquo;information aussi bien en entr\u00e9e qu&rsquo;en sortie des processus :<\/p>\n<ol>\n<li><strong>LiteralData<\/strong> : chaine de caract\u00e8res, entier, r\u00e9elle, date, \u2026<\/li>\n<li><strong>ComplexData<\/strong> : donn\u00e9es spatiales de type vecteur (ex : GML) ou raster (ex : geotiff), Fichier XML, &#8230;<\/li>\n<li><strong>BoundingBox<\/strong> : syst\u00e8me de projection (CRS) &amp; emprise spatiale.<\/li>\n<\/ol>\n<h4>MNTSurf<\/h4>\n<p>Ce logiciel est d\u00e9di\u00e9 au traitement des bases de donn\u00e9es altim\u00e9triques (ou Mod\u00e8les Num\u00e9riques de Terrain) \u00e0 des fins hydrologiques.<br \/>\nLes processus (ou WPS) propos\u00e9s sont :<\/p>\n<ol>\n<li><strong>xy2watershed<\/strong> : affiche le contour du bassin versant \u00e0 partir de l&rsquo;exutoire d\u00e9finit par ses coordonn\u00e9es g\u00e9ographiques X, Y,<\/li>\n<li><strong>pts2watershed<\/strong> : affiche le contour des bassins versants \u00e0 partir d&rsquo;un ou plusieurs exutoires d\u00e9finis dans une couche cartographique,<\/li>\n<li><strong>xy2hydro<\/strong> : affiche le r\u00e9seau hydrographique mod\u00e9lis\u00e9 \u00e0 partir de l&rsquo;exutoire d\u00e9finit par ses coordonn\u00e9es g\u00e9ographiques X, Y et d&rsquo;un seuil de surface de bassin versant,<\/li>\n<li><strong>pts2hydro<\/strong> : affiche le r\u00e9seau hydrographique mod\u00e9lis\u00e9 \u00e0 partir d&rsquo;un ou plusieurs exutoires d\u00e9finis dans une couche cartographique ainsi qu&rsquo;un seuil de surface de bassin versant,<\/li>\n<li><strong>getoutlet<\/strong> : affiche les exutoires des bassins versants ayant une superficie sup\u00e9rieure \u00e0 une valeur en hectares,<\/li>\n<li><strong>infomaille<\/strong> : affiche les valeurs des variables d\u00e9riv\u00e9es calcul\u00e9es (Altitude, pente, &#8230;) pour le point X,Y.<\/li>\n<\/ol>\n<p>En principe, n&rsquo;importe quel logiciel dot\u00e9 d&rsquo;un client WPS peut acc\u00e9der \u00e0 ces diff\u00e9rents processus.<br \/>\nCependant, nous vous conseillons d&rsquo;utiliser le logiciel gratuit Open Source <strong><a title=\"Quantum GIS\" href=\"http:\/\/www.qgis.org\/\">QGIS<\/a><\/strong> ainsi que son extension WPS-Client que nous avons valid\u00e9s.<br \/>\nPour cela, vous pouvez <a title=\"installer QGis\" href=\"http:\/\/hub.qgis.org\/projects\/quantum-gis\/wiki\/DownloadFr#Installateur-ind%C3%A9pendant-version-recommand%C3%A9e\">installer la version recommand\u00e9e de QGIS<\/a> et suivre les diff\u00e9rentes \u00e9tapes pr\u00e9sent\u00e9es dans la vid\u00e9o qui suit.<\/p>\n<h6>Vid\u00e9o \/ Tutoriel des WPS-MntSurf dans QGIS<\/h6>\n<p><iframe loading=\"lazy\" title=\"WPS \u00e0 l&#039;UMR SAS INRA - Agrocampus Ouest\" width=\"930\" height=\"698\" src=\"https:\/\/www.youtube.com\/embed\/3kKD1610gng?feature=oembed\" frameborder=\"0\" allow=\"accelerometer; autoplay; clipboard-write; encrypted-media; gyroscope; picture-in-picture; web-share\" allowfullscreen><\/iframe><\/p>\n<p>Les r\u00e9f\u00e9rences de notre serveur WPS \u00e0 d\u00e9clarer dans votre client WPS :<\/p>\n<blockquote><p><strong>Son nom : MNTSurf<\/strong><br \/>\n<strong>Son URL : https:\/\/geosas.fr\/mntsurf<\/strong><\/p><\/blockquote>\n<p>Pour les adeptes du langage XML : <a title=\"getCapabilities WPS GeoSAS\" href=\"https:\/\/geosas.fr\/mntsurf?service=wps&amp;request=getcapabilities\">la description des services WPS (getCapabilities)<\/a><br \/>\nN&rsquo;h\u00e9sitez pas \u00e0 nous <a title=\"Contact\" href=\"http:\/\/geowww.agrocampus-ouest.fr\/web\/?page_id=563\">contacter<\/a> pour toutes questions ou retours concernant ce sujet.<br \/>\nNous avons install\u00e9 et configur\u00e9 un serveur bas\u00e9 sur une impl\u00e9mentation de la norme WPS en langage python : <a title=\"PyWPS\" href=\"http:\/\/pywps.wald.intevation.org\/\">PyWPS<\/a><\/p>\n<h4>Articles<\/h4>\n<p>Un article concernant <a title=\"les WPS \u00e0 l'UMR SAS\" href=\"http:\/\/blog.georchestra.org\/post\/2011\/02\/14\/Les-WPS%2C-r%C3%AAve-ou-r%C3%A9alit%C3%A9\" target=\"_blank\" rel=\"noopener\">les WPS \u00e0 l&rsquo;UMR SAS<\/a> sur le blog geOrchestra.<\/p>\n","protected":false},"excerpt":{"rendered":"<p>Introduction Depuis plus de 20 ans, l&rsquo;UMR SAS participe au d\u00e9veloppement de programmes informatiques en lien avec les Syst\u00e8mes d&rsquo;Information G\u00e9ographique, la mod\u00e9lisation hydrologique, le &hellip; <\/p>\n","protected":false},"author":1,"featured_media":0,"parent":2170,"menu_order":3,"comment_status":"closed","ping_status":"closed","template":"","meta":{"footnotes":""},"class_list":["post-309","page","type-page","status-publish","hentry"],"yoast_head":"<!-- This site is optimized with the Yoast SEO plugin v24.7 - https:\/\/yoast.com\/wordpress\/plugins\/seo\/ -->\n<title>API de Mod\u00e9lisation MNTSurf - G\u00e9oSAS<\/title>\n<meta name=\"robots\" content=\"index, follow, max-snippet:-1, max-image-preview:large, max-video-preview:-1\" \/>\n<link rel=\"canonical\" href=\"https:\/\/geosas.fr\/web\/?page_id=309\" \/>\n<meta property=\"og:locale\" content=\"fr_FR\" \/>\n<meta property=\"og:type\" content=\"article\" \/>\n<meta property=\"og:title\" content=\"API de Mod\u00e9lisation MNTSurf - G\u00e9oSAS\" \/>\n<meta property=\"og:description\" content=\"Introduction Depuis plus de 20 ans, l&rsquo;UMR SAS participe au d\u00e9veloppement de programmes informatiques en lien avec les Syst\u00e8mes d&rsquo;Information G\u00e9ographique, la mod\u00e9lisation hydrologique, le &hellip;\" \/>\n<meta property=\"og:url\" content=\"https:\/\/geosas.fr\/web\/?page_id=309\" \/>\n<meta property=\"og:site_name\" content=\"G\u00e9oSAS\" \/>\n<meta property=\"article:modified_time\" content=\"2023-01-11T16:20:34+00:00\" \/>\n<meta property=\"og:image\" content=\"https:\/\/geosas.fr\/web\/wp-content\/uploads\/2012\/03\/wps-schema123.png\" \/>\n<meta name=\"twitter:card\" content=\"summary_large_image\" \/>\n<meta name=\"twitter:label1\" content=\"Est. reading time\" \/>\n\t<meta name=\"twitter:data1\" content=\"5 minutes\" \/>\n<script type=\"application\/ld+json\" class=\"yoast-schema-graph\">{\"@context\":\"https:\/\/schema.org\",\"@graph\":[{\"@type\":\"WebPage\",\"@id\":\"https:\/\/geosas.fr\/web\/?page_id=309\",\"url\":\"https:\/\/geosas.fr\/web\/?page_id=309\",\"name\":\"API de Mod\u00e9lisation MNTSurf - G\u00e9oSAS\",\"isPartOf\":{\"@id\":\"https:\/\/geosas.fr\/web\/#website\"},\"primaryImageOfPage\":{\"@id\":\"https:\/\/geosas.fr\/web\/?page_id=309#primaryimage\"},\"image\":{\"@id\":\"https:\/\/geosas.fr\/web\/?page_id=309#primaryimage\"},\"thumbnailUrl\":\"https:\/\/geosas.fr\/web\/wp-content\/uploads\/2012\/03\/wps-schema123.png\",\"datePublished\":\"2011-10-03T09:17:21+00:00\",\"dateModified\":\"2023-01-11T16:20:34+00:00\",\"breadcrumb\":{\"@id\":\"https:\/\/geosas.fr\/web\/?page_id=309#breadcrumb\"},\"inLanguage\":\"fr-FR\",\"potentialAction\":[{\"@type\":\"ReadAction\",\"target\":[\"https:\/\/geosas.fr\/web\/?page_id=309\"]}]},{\"@type\":\"ImageObject\",\"inLanguage\":\"fr-FR\",\"@id\":\"https:\/\/geosas.fr\/web\/?page_id=309#primaryimage\",\"url\":\"https:\/\/geosas.fr\/web\/wp-content\/uploads\/2012\/03\/wps-schema123.png\",\"contentUrl\":\"https:\/\/geosas.fr\/web\/wp-content\/uploads\/2012\/03\/wps-schema123.png\",\"width\":832,\"height\":275},{\"@type\":\"BreadcrumbList\",\"@id\":\"https:\/\/geosas.fr\/web\/?page_id=309#breadcrumb\",\"itemListElement\":[{\"@type\":\"ListItem\",\"position\":1,\"name\":\"Home\",\"item\":\"https:\/\/geosas.fr\/web\/\"},{\"@type\":\"ListItem\",\"position\":2,\"name\":\"Donn\u00e9es et Services\",\"item\":\"https:\/\/geosas.fr\/web\/?page_id=2170\"},{\"@type\":\"ListItem\",\"position\":3,\"name\":\"API de Mod\u00e9lisation MNTSurf\"}]},{\"@type\":\"WebSite\",\"@id\":\"https:\/\/geosas.fr\/web\/#website\",\"url\":\"https:\/\/geosas.fr\/web\/\",\"name\":\"G\u00e9oSAS\",\"description\":\"Portail de l&#039;information g\u00e9ographique de l&#039;UMR SAS - INRAE - Institut Agro\",\"publisher\":{\"@id\":\"https:\/\/geosas.fr\/web\/#organization\"},\"potentialAction\":[{\"@type\":\"SearchAction\",\"target\":{\"@type\":\"EntryPoint\",\"urlTemplate\":\"https:\/\/geosas.fr\/web\/?s={search_term_string}\"},\"query-input\":{\"@type\":\"PropertyValueSpecification\",\"valueRequired\":true,\"valueName\":\"search_term_string\"}}],\"inLanguage\":\"fr-FR\"},{\"@type\":\"Organization\",\"@id\":\"https:\/\/geosas.fr\/web\/#organization\",\"name\":\"G\u00e9oSAS\",\"url\":\"https:\/\/geosas.fr\/web\/\",\"logo\":{\"@type\":\"ImageObject\",\"inLanguage\":\"fr-FR\",\"@id\":\"https:\/\/geosas.fr\/web\/#\/schema\/logo\/image\/\",\"url\":\"https:\/\/geosas.fr\/web\/wp-content\/uploads\/2021\/03\/cropped-Moyen-logo-BleuF-2.png\",\"contentUrl\":\"https:\/\/geosas.fr\/web\/wp-content\/uploads\/2021\/03\/cropped-Moyen-logo-BleuF-2.png\",\"width\":358,\"height\":90,\"caption\":\"G\u00e9oSAS\"},\"image\":{\"@id\":\"https:\/\/geosas.fr\/web\/#\/schema\/logo\/image\/\"}}]}<\/script>\n<!-- \/ Yoast SEO plugin. -->","yoast_head_json":{"title":"API de Mod\u00e9lisation MNTSurf - G\u00e9oSAS","robots":{"index":"index","follow":"follow","max-snippet":"max-snippet:-1","max-image-preview":"max-image-preview:large","max-video-preview":"max-video-preview:-1"},"canonical":"https:\/\/geosas.fr\/web\/?page_id=309","og_locale":"fr_FR","og_type":"article","og_title":"API de Mod\u00e9lisation MNTSurf - G\u00e9oSAS","og_description":"Introduction Depuis plus de 20 ans, l&rsquo;UMR SAS participe au d\u00e9veloppement de programmes informatiques en lien avec les Syst\u00e8mes d&rsquo;Information G\u00e9ographique, la mod\u00e9lisation hydrologique, le &hellip;","og_url":"https:\/\/geosas.fr\/web\/?page_id=309","og_site_name":"G\u00e9oSAS","article_modified_time":"2023-01-11T16:20:34+00:00","og_image":[{"url":"https:\/\/geosas.fr\/web\/wp-content\/uploads\/2012\/03\/wps-schema123.png","type":"","width":"","height":""}],"twitter_card":"summary_large_image","twitter_misc":{"Est. reading time":"5 minutes"},"schema":{"@context":"https:\/\/schema.org","@graph":[{"@type":"WebPage","@id":"https:\/\/geosas.fr\/web\/?page_id=309","url":"https:\/\/geosas.fr\/web\/?page_id=309","name":"API de Mod\u00e9lisation MNTSurf - G\u00e9oSAS","isPartOf":{"@id":"https:\/\/geosas.fr\/web\/#website"},"primaryImageOfPage":{"@id":"https:\/\/geosas.fr\/web\/?page_id=309#primaryimage"},"image":{"@id":"https:\/\/geosas.fr\/web\/?page_id=309#primaryimage"},"thumbnailUrl":"https:\/\/geosas.fr\/web\/wp-content\/uploads\/2012\/03\/wps-schema123.png","datePublished":"2011-10-03T09:17:21+00:00","dateModified":"2023-01-11T16:20:34+00:00","breadcrumb":{"@id":"https:\/\/geosas.fr\/web\/?page_id=309#breadcrumb"},"inLanguage":"fr-FR","potentialAction":[{"@type":"ReadAction","target":["https:\/\/geosas.fr\/web\/?page_id=309"]}]},{"@type":"ImageObject","inLanguage":"fr-FR","@id":"https:\/\/geosas.fr\/web\/?page_id=309#primaryimage","url":"https:\/\/geosas.fr\/web\/wp-content\/uploads\/2012\/03\/wps-schema123.png","contentUrl":"https:\/\/geosas.fr\/web\/wp-content\/uploads\/2012\/03\/wps-schema123.png","width":832,"height":275},{"@type":"BreadcrumbList","@id":"https:\/\/geosas.fr\/web\/?page_id=309#breadcrumb","itemListElement":[{"@type":"ListItem","position":1,"name":"Home","item":"https:\/\/geosas.fr\/web\/"},{"@type":"ListItem","position":2,"name":"Donn\u00e9es et Services","item":"https:\/\/geosas.fr\/web\/?page_id=2170"},{"@type":"ListItem","position":3,"name":"API de Mod\u00e9lisation MNTSurf"}]},{"@type":"WebSite","@id":"https:\/\/geosas.fr\/web\/#website","url":"https:\/\/geosas.fr\/web\/","name":"G\u00e9oSAS","description":"Portail de l&#039;information g\u00e9ographique de l&#039;UMR SAS - INRAE - Institut Agro","publisher":{"@id":"https:\/\/geosas.fr\/web\/#organization"},"potentialAction":[{"@type":"SearchAction","target":{"@type":"EntryPoint","urlTemplate":"https:\/\/geosas.fr\/web\/?s={search_term_string}"},"query-input":{"@type":"PropertyValueSpecification","valueRequired":true,"valueName":"search_term_string"}}],"inLanguage":"fr-FR"},{"@type":"Organization","@id":"https:\/\/geosas.fr\/web\/#organization","name":"G\u00e9oSAS","url":"https:\/\/geosas.fr\/web\/","logo":{"@type":"ImageObject","inLanguage":"fr-FR","@id":"https:\/\/geosas.fr\/web\/#\/schema\/logo\/image\/","url":"https:\/\/geosas.fr\/web\/wp-content\/uploads\/2021\/03\/cropped-Moyen-logo-BleuF-2.png","contentUrl":"https:\/\/geosas.fr\/web\/wp-content\/uploads\/2021\/03\/cropped-Moyen-logo-BleuF-2.png","width":358,"height":90,"caption":"G\u00e9oSAS"},"image":{"@id":"https:\/\/geosas.fr\/web\/#\/schema\/logo\/image\/"}}]}},"_links":{"self":[{"href":"https:\/\/geosas.fr\/web\/index.php?rest_route=\/wp\/v2\/pages\/309","targetHints":{"allow":["GET"]}}],"collection":[{"href":"https:\/\/geosas.fr\/web\/index.php?rest_route=\/wp\/v2\/pages"}],"about":[{"href":"https:\/\/geosas.fr\/web\/index.php?rest_route=\/wp\/v2\/types\/page"}],"author":[{"embeddable":true,"href":"https:\/\/geosas.fr\/web\/index.php?rest_route=\/wp\/v2\/users\/1"}],"replies":[{"embeddable":true,"href":"https:\/\/geosas.fr\/web\/index.php?rest_route=%2Fwp%2Fv2%2Fcomments&post=309"}],"version-history":[{"count":3,"href":"https:\/\/geosas.fr\/web\/index.php?rest_route=\/wp\/v2\/pages\/309\/revisions"}],"predecessor-version":[{"id":6099,"href":"https:\/\/geosas.fr\/web\/index.php?rest_route=\/wp\/v2\/pages\/309\/revisions\/6099"}],"up":[{"embeddable":true,"href":"https:\/\/geosas.fr\/web\/index.php?rest_route=\/wp\/v2\/pages\/2170"}],"wp:attachment":[{"href":"https:\/\/geosas.fr\/web\/index.php?rest_route=%2Fwp%2Fv2%2Fmedia&parent=309"}],"curies":[{"name":"wp","href":"https:\/\/api.w.org\/{rel}","templated":true}]}}