{"id":1723,"date":"2014-11-26T10:26:07","date_gmt":"2014-11-26T09:26:07","guid":{"rendered":"http:\/\/geowww.agrocampus-ouest.fr\/web\/?page_id=1723"},"modified":"2021-11-26T14:57:00","modified_gmt":"2021-11-26T13:57:00","slug":"milieux-potentiellement-humides-de-france","status":"publish","type":"page","link":"https:\/\/geosas.fr\/web\/?page_id=1723","title":{"rendered":"Milieux Potentiellement Humides de France"},"content":{"rendered":"<p>Ce projet vise \u00e0 mod\u00e9liser les milieux potentiellement humides sur l&rsquo;ensemble de la France m\u00e9tropolitaine.<\/p>\n<h6><strong>Objectifs<\/strong><\/h6>\n<ul>\n<li><strong>D\u00e9veloppement d\u2019une m\u00e9thode<\/strong> nationale homog\u00e8ne de mod\u00e9lisation des milieux potentiellement humides. Cette m\u00e9thode repr\u00e9senterait une r\u00e9f\u00e9rence nationale permettant d\u2019harmoniser les diff\u00e9rents inventaires de terrain, cartographies et bases de donn\u00e9es des milieux potentiellement humides d\u00e9j\u00e0 r\u00e9alis\u00e9es au niveau des d\u00e9partements, r\u00e9gions ou grands bassins versants,<\/li>\n<li><strong>R\u00e9alisation de traitements<\/strong> correspondant \u00e0 cette m\u00e9thode, d\u2019une part France enti\u00e8re avec les donn\u00e9es disponibles de fa\u00e7on exhaustive sur le territoire m\u00e9tropolitain afin d\u2019avoir une base cartographique homog\u00e8ne et, d\u2019autre part, au niveau d\u00e9partemental ou r\u00e9gional sous forme de tests, afin de prendre en compte des donn\u00e9es compl\u00e9mentaires non exhaustives qui peuvent exister sur ces entit\u00e9s,<\/li>\n<li><strong>Publication<\/strong> sur G\u00e9oSAS de la <strong>donn\u00e9e g\u00e9ographique<\/strong> produite par les traitements correspondant aux \u00ab\u00a0Milieux potentiellement humides de France\u00a0\u00bb, conform\u00e9ment\u00a0 \u00e0 la directive INSPIRE,<\/li>\n<li><strong>D\u00e9veloppement et diffusion d&rsquo;un portail web cartographique<\/strong> d\u00e9di\u00e9 \u00e0 la visualisation de la donn\u00e9e g\u00e9ographique produite et publi\u00e9e.<\/li>\n<\/ul>\n<h6><strong>Partenaires &#8211; Financement<\/strong><\/h6>\n<ul>\n<li>Ce travail a \u00e9t\u00e9 sollicit\u00e9 et financ\u00e9 par le Minist\u00e8re de l\u2019Ecologie, du d\u00e9veloppement Durable et de l\u2019Energie (<strong>MEDDE<\/strong>, Direction G\u00e9n\u00e9rale de l\u2019Am\u00e9nagement, du Logement et de la Nature, Direction de l\u2019Eau et de la Biodiversit\u00e9, Sous-Direction des Espaces Naturels, Bureau des Milieux Aquatiques),<\/li>\n<li>Ce travail a \u00e9t\u00e9 r\u00e9alis\u00e9 conjointement par l\u2019<strong>Unit\u00e9 InfoSol<\/strong> du centre du Val de Loire de l\u2019Institut National de la Recherche Agronomique (INRA) et l&rsquo;<strong>UMR SAS<\/strong> Agrocampus Ouest &#8211; INRA, centre de Rennes.<\/li>\n<\/ul>\n<h6><strong>Calendrier<\/strong><\/h6>\n<ul>\n<li><em><strong>D\u00e9cembre 2012<\/strong><\/em> : D\u00e9but du projet,<\/li>\n<li><strong>2013<\/strong> : D\u00e9veloppement de la m\u00e9thode et r\u00e9alisation des traitements,<\/li>\n<li><em><strong>F\u00e9vrier 2014<\/strong> <\/em>: Publication de la <a href=\"https:\/\/geosas.fr\/metadata\/pdf\/Notice_MPH_France.pdf\">notice rapport d&rsquo;accompagnement,<\/a><\/li>\n<li><em><strong>Juin 2014<\/strong><\/em> : Publication de la <a href=\"https:\/\/geosas.fr\/geonetwork\/srv\/fre\/catalog.search#\/metadata\/518b3e0a-ee55-40cb-a3ed-da00e60505aa\">couche \u00ab\u00a0Milieux potentiellement humides<\/a>\u00a0\u00bb sur G\u00e9oSAS,<\/li>\n<li><em><strong>Septembre 2014<\/strong><\/em> : Ouverture du <a href=\"https:\/\/geosas.fr\/portails\/?portail=mph&amp;mode=viewer&amp;viewer=https:\/\/geosas.fr\/sviewer&amp;wmc=https:\/\/geosas.fr\/wmc\/mph_france.wmc\">portail cartographique<\/a> d\u00e9di\u00e9 au projet.<\/li>\n<\/ul>\n<h6>\u00a0<strong>Outils disponibles &#8211; R\u00e9alisations &#8211; Livrables num\u00e9riques<\/strong><\/h6>\n<p><a href=\"https:\/\/geosas.fr\/portails\/?portail=mph&amp;mode=viewer&amp;viewer=https:\/\/geosas.fr\/sviewer&amp;wmc=https:\/\/geosas.fr\/wmc\/mph_france.wmc\"><img loading=\"lazy\" decoding=\"async\" class=\"alignnone size-full wp-image-2736\" src=\"https:\/\/geosas.fr\/web\/wp-content\/uploads\/2014\/11\/portail_mph.png\" alt=\"\" width=\"1000\" height=\"832\" srcset=\"https:\/\/geosas.fr\/web\/wp-content\/uploads\/2014\/11\/portail_mph.png 1000w, https:\/\/geosas.fr\/web\/wp-content\/uploads\/2014\/11\/portail_mph-300x250.png 300w, https:\/\/geosas.fr\/web\/wp-content\/uploads\/2014\/11\/portail_mph-768x639.png 768w\" sizes=\"auto, (max-width: 1000px) 100vw, 1000px\" \/><\/a><\/p>\n<ul>\n<li>L&rsquo;interface web du portail cartographique est accessible \u00e0 <a href=\"https:\/\/geosas.fr\/portails\/?portail=mph&amp;mode=viewer&amp;viewer=https:\/\/geosas.fr\/sviewer&amp;wmc=https:\/\/geosas.fr\/wmc\/mph_france.wmc\">cette adresse<\/a><\/li>\n<li>Avant toute utilisation de la donn\u00e9e, consultez la <a title=\"m\u00e9tadonn\u00e9es\" href=\"https:\/\/geosas.fr\/geonetwork\/srv\/fre\/catalog.search#\/metadata\/518b3e0a-ee55-40cb-a3ed-da00e60505aa\" target=\"_blank\" rel=\"noopener\">fiche de m\u00e9tadonn\u00e9es<\/a><\/li>\n<\/ul>\n<h6><strong>Rapport d&rsquo;utilisation de la couche \u00ab\u00a0Milieux potentiellement Humides\u00a0\u00bb pour l&rsquo;ann\u00e9e 2019<br \/>\n<\/strong><\/h6>\n<p><img loading=\"lazy\" decoding=\"async\" class=\"alignnone size-full wp-image-2973\" src=\"https:\/\/geosas.fr\/web\/wp-content\/uploads\/2014\/11\/graylog-2019-12-31.png\" alt=\"\" width=\"1143\" height=\"428\" srcset=\"https:\/\/geosas.fr\/web\/wp-content\/uploads\/2014\/11\/graylog-2019-12-31.png 1143w, https:\/\/geosas.fr\/web\/wp-content\/uploads\/2014\/11\/graylog-2019-12-31-300x112.png 300w, https:\/\/geosas.fr\/web\/wp-content\/uploads\/2014\/11\/graylog-2019-12-31-1024x383.png 1024w, https:\/\/geosas.fr\/web\/wp-content\/uploads\/2014\/11\/graylog-2019-12-31-768x288.png 768w\" sizes=\"auto, (max-width: 1143px) 100vw, 1143px\" \/><\/p>\n<h6><strong>Ressources humaines<\/strong><\/h6>\n<ul>\n<li><strong>Lionel<\/strong> <strong>Berthier, <\/strong>Agrocampus Ouest\/INRA UMR SAS,<\/li>\n<li><strong>Marion Bardy<\/strong>, INRA US InfoSol,<\/li>\n<li><strong>Jean-Philippe Chenu<\/strong>, INRA US InfoSol,<\/li>\n<li><strong>Lubomira Guzmova, <\/strong>INRA US InfoSol,<\/li>\n<li><strong>Bertrand Laroche, <\/strong>INRA US InfoSol,<\/li>\n<li><strong>S\u00e9bastien Lehmann,<\/strong> INRA US InfoSol,<\/li>\n<li><strong>Blandine Lemercier, <\/strong>Agrocampus Ouest\/INRA UMR SAS,<\/li>\n<li><strong>Manuel Martin, <\/strong>INRA US InfoSol,<\/li>\n<li><strong>Philippe M\u00e9rot<\/strong><strong>, <\/strong>Agrocampus Ouest\/INRA UMR SAS,<\/li>\n<li><strong>Herv\u00e9 Squividant<\/strong><strong>, <\/strong>Agrocampus Ouest\/INRA UMR SAS,<\/li>\n<li><strong>Emmanuel Thiry, <\/strong>MEDDE, Direction de l\u2019eau et de la biodiversit\u00e9, sous-direction\u00a0des espaces naturels,<\/li>\n<li><strong>Christian Walter<\/strong><strong>, <\/strong>Agrocampus Ouest\/INRA UMR SAS.<\/li>\n<\/ul>\n<h6><strong>Rapports<br \/>\n<\/strong><\/h6>\n<ul>\n<li><a href=\"https:\/\/geosas.fr\/metadata\/pdf\/Notice_MPH_France.pdf\">Notice d&rsquo;accompagnement<\/a> \u00e0 la production de la donn\u00e9es cartographique repr\u00e9sentant l&rsquo;enveloppe des milieux potentiellement humides de la France m\u00e9tropolitaine.<\/li>\n<\/ul>\n<h6><strong>Exemples d&rsquo;utilisation<\/strong><\/h6>\n<ul>\n<li><strong>D\u00e9limitation des zones humides<\/strong> (dans le cas o\u00f9 il n\u2019y a pas eu de modification d\u2019am\u00e9nagement, ou le milieu g\u00e9ologique est homog\u00e8ne),<\/li>\n<li><strong>D\u00e9limitation du territoire<\/strong> au sein duquel identifier les zones humides existantes :\n<ul>\n<li>Dans ce cadre, des m\u00e9thodes de croisement de la couche d\u2019information des zones humides, avec une couche d\u2019information portant sur les sols ou la v\u00e9g\u00e9tation, permettent de d\u00e9finir la majorit\u00e9 des zones humides effectives,<\/li>\n<li>Dans ce cadre, des m\u00e9thodes de terrain peuvent \u00eatre plus rapidement mises en \u0153uvre, car plus cibl\u00e9es sur les zones d\u2019int\u00e9r\u00eat, pour ensuite d\u00e9limiter et caract\u00e9riser les zones humides efficaces par rapport \u00e0 une fonction.<\/li>\n<\/ul>\n<\/li>\n<li><strong>Analyse de l\u2019\u00e9tat de conservation ou de d\u00e9gradation des zones humides<\/strong>, par comparaison entre les zones humides effectives et les zones humides potentielles. L\u2019absence de zones humides au sein d\u2019un territoire ne signifie donc pas qu\u2019elles ont disparues. Par contre la comparaison avec une enveloppe de zones humides potentielles permet d\u2019appr\u00e9cier l\u2019\u00e9tat de conservation actuel des zones humides effectives,<\/li>\n<li><strong>D\u00e9finition d\u2019un territoire sp\u00e9cifique<\/strong> dans le cadre d\u2019une politique de zones humides. L\u2019enveloppe des zones humides potentielles correspond \u00e0 un territoire d\u2019int\u00e9r\u00eat. On peut consid\u00e9rer la zone d\u00e9finie entre les zones humides potentielles et les zones humides effectives qui sont inscrites dans ce premier domaine comme \u00ab une zone de n\u00e9gociation \u00bb. Une telle approche permet de parler d\u2019un domaine sur lequel il n\u2019y a pas d\u2019enjeux r\u00e9glementaires (les zones humides potentielles) et qui peut permettre de faciliter le dialogue entre les diff\u00e9rentes parties. On peut ensuite plus facilement envisager diff\u00e9rentes politiques de conservation ou de r\u00e9habilitation au sein de ce territoire en fonction de la volont\u00e9 des acteurs.<\/li>\n<\/ul>\n","protected":false},"excerpt":{"rendered":"<p>Ce projet vise \u00e0 mod\u00e9liser les milieux potentiellement humides sur l&rsquo;ensemble de la France m\u00e9tropolitaine. Objectifs D\u00e9veloppement d\u2019une m\u00e9thode nationale homog\u00e8ne de mod\u00e9lisation des milieux &hellip; <\/p>\n","protected":false},"author":1,"featured_media":2862,"parent":0,"menu_order":4,"comment_status":"closed","ping_status":"closed","template":"","meta":{"footnotes":""},"class_list":["post-1723","page","type-page","status-publish","has-post-thumbnail","hentry"],"yoast_head":"<!-- This site is optimized with the Yoast SEO plugin v24.7 - https:\/\/yoast.com\/wordpress\/plugins\/seo\/ -->\n<title>Milieux Potentiellement Humides de France - G\u00e9oSAS<\/title>\n<meta name=\"robots\" content=\"index, follow, max-snippet:-1, max-image-preview:large, max-video-preview:-1\" \/>\n<link rel=\"canonical\" href=\"https:\/\/geosas.fr\/web\/?page_id=1723\" \/>\n<meta property=\"og:locale\" content=\"fr_FR\" \/>\n<meta property=\"og:type\" content=\"article\" \/>\n<meta property=\"og:title\" content=\"Milieux Potentiellement Humides de France - G\u00e9oSAS\" \/>\n<meta property=\"og:description\" content=\"Ce projet vise \u00e0 mod\u00e9liser les milieux potentiellement humides sur l&rsquo;ensemble de la France m\u00e9tropolitaine. Objectifs D\u00e9veloppement d\u2019une m\u00e9thode nationale homog\u00e8ne de mod\u00e9lisation des milieux &hellip;\" \/>\n<meta property=\"og:url\" content=\"https:\/\/geosas.fr\/web\/?page_id=1723\" \/>\n<meta property=\"og:site_name\" content=\"G\u00e9oSAS\" \/>\n<meta property=\"article:modified_time\" content=\"2021-11-26T13:57:00+00:00\" \/>\n<meta property=\"og:image\" content=\"https:\/\/geosas.fr\/web\/wp-content\/uploads\/2014\/11\/logo-projet-mph-e1618995478800.png\" \/>\n\t<meta property=\"og:image:width\" content=\"619\" \/>\n\t<meta property=\"og:image:height\" content=\"124\" \/>\n\t<meta property=\"og:image:type\" content=\"image\/png\" \/>\n<meta name=\"twitter:card\" content=\"summary_large_image\" \/>\n<meta name=\"twitter:label1\" content=\"Est. reading time\" \/>\n\t<meta name=\"twitter:data1\" content=\"4 minutes\" \/>\n<script type=\"application\/ld+json\" class=\"yoast-schema-graph\">{\"@context\":\"https:\/\/schema.org\",\"@graph\":[{\"@type\":\"WebPage\",\"@id\":\"https:\/\/geosas.fr\/web\/?page_id=1723\",\"url\":\"https:\/\/geosas.fr\/web\/?page_id=1723\",\"name\":\"Milieux Potentiellement Humides de France - G\u00e9oSAS\",\"isPartOf\":{\"@id\":\"https:\/\/geosas.fr\/web\/#website\"},\"primaryImageOfPage\":{\"@id\":\"https:\/\/geosas.fr\/web\/?page_id=1723#primaryimage\"},\"image\":{\"@id\":\"https:\/\/geosas.fr\/web\/?page_id=1723#primaryimage\"},\"thumbnailUrl\":\"https:\/\/geosas.fr\/web\/wp-content\/uploads\/2014\/11\/logo-projet-mph-e1618995478800.png\",\"datePublished\":\"2014-11-26T09:26:07+00:00\",\"dateModified\":\"2021-11-26T13:57:00+00:00\",\"breadcrumb\":{\"@id\":\"https:\/\/geosas.fr\/web\/?page_id=1723#breadcrumb\"},\"inLanguage\":\"fr-FR\",\"potentialAction\":[{\"@type\":\"ReadAction\",\"target\":[\"https:\/\/geosas.fr\/web\/?page_id=1723\"]}]},{\"@type\":\"ImageObject\",\"inLanguage\":\"fr-FR\",\"@id\":\"https:\/\/geosas.fr\/web\/?page_id=1723#primaryimage\",\"url\":\"https:\/\/geosas.fr\/web\/wp-content\/uploads\/2014\/11\/logo-projet-mph-e1618995478800.png\",\"contentUrl\":\"https:\/\/geosas.fr\/web\/wp-content\/uploads\/2014\/11\/logo-projet-mph-e1618995478800.png\",\"width\":619,\"height\":124},{\"@type\":\"BreadcrumbList\",\"@id\":\"https:\/\/geosas.fr\/web\/?page_id=1723#breadcrumb\",\"itemListElement\":[{\"@type\":\"ListItem\",\"position\":1,\"name\":\"Home\",\"item\":\"https:\/\/geosas.fr\/web\/\"},{\"@type\":\"ListItem\",\"position\":2,\"name\":\"Milieux Potentiellement Humides de France\"}]},{\"@type\":\"WebSite\",\"@id\":\"https:\/\/geosas.fr\/web\/#website\",\"url\":\"https:\/\/geosas.fr\/web\/\",\"name\":\"G\u00e9oSAS\",\"description\":\"Portail de l&#039;information g\u00e9ographique et temporelle de l&#039;UMR SAS - INRAE - Institut Agro\",\"publisher\":{\"@id\":\"https:\/\/geosas.fr\/web\/#organization\"},\"potentialAction\":[{\"@type\":\"SearchAction\",\"target\":{\"@type\":\"EntryPoint\",\"urlTemplate\":\"https:\/\/geosas.fr\/web\/?s={search_term_string}\"},\"query-input\":{\"@type\":\"PropertyValueSpecification\",\"valueRequired\":true,\"valueName\":\"search_term_string\"}}],\"inLanguage\":\"fr-FR\"},{\"@type\":\"Organization\",\"@id\":\"https:\/\/geosas.fr\/web\/#organization\",\"name\":\"G\u00e9oSAS\",\"url\":\"https:\/\/geosas.fr\/web\/\",\"logo\":{\"@type\":\"ImageObject\",\"inLanguage\":\"fr-FR\",\"@id\":\"https:\/\/geosas.fr\/web\/#\/schema\/logo\/image\/\",\"url\":\"https:\/\/geosas.fr\/web\/wp-content\/uploads\/2021\/03\/cropped-Moyen-logo-BleuF-2.png\",\"contentUrl\":\"https:\/\/geosas.fr\/web\/wp-content\/uploads\/2021\/03\/cropped-Moyen-logo-BleuF-2.png\",\"width\":358,\"height\":90,\"caption\":\"G\u00e9oSAS\"},\"image\":{\"@id\":\"https:\/\/geosas.fr\/web\/#\/schema\/logo\/image\/\"}}]}<\/script>\n<!-- \/ Yoast SEO plugin. -->","yoast_head_json":{"title":"Milieux Potentiellement Humides de France - G\u00e9oSAS","robots":{"index":"index","follow":"follow","max-snippet":"max-snippet:-1","max-image-preview":"max-image-preview:large","max-video-preview":"max-video-preview:-1"},"canonical":"https:\/\/geosas.fr\/web\/?page_id=1723","og_locale":"fr_FR","og_type":"article","og_title":"Milieux Potentiellement Humides de France - G\u00e9oSAS","og_description":"Ce projet vise \u00e0 mod\u00e9liser les milieux potentiellement humides sur l&rsquo;ensemble de la France m\u00e9tropolitaine. Objectifs D\u00e9veloppement d\u2019une m\u00e9thode nationale homog\u00e8ne de mod\u00e9lisation des milieux &hellip;","og_url":"https:\/\/geosas.fr\/web\/?page_id=1723","og_site_name":"G\u00e9oSAS","article_modified_time":"2021-11-26T13:57:00+00:00","og_image":[{"width":619,"height":124,"url":"https:\/\/geosas.fr\/web\/wp-content\/uploads\/2014\/11\/logo-projet-mph-e1618995478800.png","type":"image\/png"}],"twitter_card":"summary_large_image","twitter_misc":{"Est. reading time":"4 minutes"},"schema":{"@context":"https:\/\/schema.org","@graph":[{"@type":"WebPage","@id":"https:\/\/geosas.fr\/web\/?page_id=1723","url":"https:\/\/geosas.fr\/web\/?page_id=1723","name":"Milieux Potentiellement Humides de France - G\u00e9oSAS","isPartOf":{"@id":"https:\/\/geosas.fr\/web\/#website"},"primaryImageOfPage":{"@id":"https:\/\/geosas.fr\/web\/?page_id=1723#primaryimage"},"image":{"@id":"https:\/\/geosas.fr\/web\/?page_id=1723#primaryimage"},"thumbnailUrl":"https:\/\/geosas.fr\/web\/wp-content\/uploads\/2014\/11\/logo-projet-mph-e1618995478800.png","datePublished":"2014-11-26T09:26:07+00:00","dateModified":"2021-11-26T13:57:00+00:00","breadcrumb":{"@id":"https:\/\/geosas.fr\/web\/?page_id=1723#breadcrumb"},"inLanguage":"fr-FR","potentialAction":[{"@type":"ReadAction","target":["https:\/\/geosas.fr\/web\/?page_id=1723"]}]},{"@type":"ImageObject","inLanguage":"fr-FR","@id":"https:\/\/geosas.fr\/web\/?page_id=1723#primaryimage","url":"https:\/\/geosas.fr\/web\/wp-content\/uploads\/2014\/11\/logo-projet-mph-e1618995478800.png","contentUrl":"https:\/\/geosas.fr\/web\/wp-content\/uploads\/2014\/11\/logo-projet-mph-e1618995478800.png","width":619,"height":124},{"@type":"BreadcrumbList","@id":"https:\/\/geosas.fr\/web\/?page_id=1723#breadcrumb","itemListElement":[{"@type":"ListItem","position":1,"name":"Home","item":"https:\/\/geosas.fr\/web\/"},{"@type":"ListItem","position":2,"name":"Milieux Potentiellement Humides de France"}]},{"@type":"WebSite","@id":"https:\/\/geosas.fr\/web\/#website","url":"https:\/\/geosas.fr\/web\/","name":"G\u00e9oSAS","description":"Portail de l&#039;information g\u00e9ographique et temporelle de l&#039;UMR SAS - INRAE - Institut Agro","publisher":{"@id":"https:\/\/geosas.fr\/web\/#organization"},"potentialAction":[{"@type":"SearchAction","target":{"@type":"EntryPoint","urlTemplate":"https:\/\/geosas.fr\/web\/?s={search_term_string}"},"query-input":{"@type":"PropertyValueSpecification","valueRequired":true,"valueName":"search_term_string"}}],"inLanguage":"fr-FR"},{"@type":"Organization","@id":"https:\/\/geosas.fr\/web\/#organization","name":"G\u00e9oSAS","url":"https:\/\/geosas.fr\/web\/","logo":{"@type":"ImageObject","inLanguage":"fr-FR","@id":"https:\/\/geosas.fr\/web\/#\/schema\/logo\/image\/","url":"https:\/\/geosas.fr\/web\/wp-content\/uploads\/2021\/03\/cropped-Moyen-logo-BleuF-2.png","contentUrl":"https:\/\/geosas.fr\/web\/wp-content\/uploads\/2021\/03\/cropped-Moyen-logo-BleuF-2.png","width":358,"height":90,"caption":"G\u00e9oSAS"},"image":{"@id":"https:\/\/geosas.fr\/web\/#\/schema\/logo\/image\/"}}]}},"_links":{"self":[{"href":"https:\/\/geosas.fr\/web\/index.php?rest_route=\/wp\/v2\/pages\/1723","targetHints":{"allow":["GET"]}}],"collection":[{"href":"https:\/\/geosas.fr\/web\/index.php?rest_route=\/wp\/v2\/pages"}],"about":[{"href":"https:\/\/geosas.fr\/web\/index.php?rest_route=\/wp\/v2\/types\/page"}],"author":[{"embeddable":true,"href":"https:\/\/geosas.fr\/web\/index.php?rest_route=\/wp\/v2\/users\/1"}],"replies":[{"embeddable":true,"href":"https:\/\/geosas.fr\/web\/index.php?rest_route=%2Fwp%2Fv2%2Fcomments&post=1723"}],"version-history":[{"count":3,"href":"https:\/\/geosas.fr\/web\/index.php?rest_route=\/wp\/v2\/pages\/1723\/revisions"}],"predecessor-version":[{"id":5211,"href":"https:\/\/geosas.fr\/web\/index.php?rest_route=\/wp\/v2\/pages\/1723\/revisions\/5211"}],"wp:featuredmedia":[{"embeddable":true,"href":"https:\/\/geosas.fr\/web\/index.php?rest_route=\/wp\/v2\/media\/2862"}],"wp:attachment":[{"href":"https:\/\/geosas.fr\/web\/index.php?rest_route=%2Fwp%2Fv2%2Fmedia&parent=1723"}],"curies":[{"name":"wp","href":"https:\/\/api.w.org\/{rel}","templated":true}]}}